2)?
4
Let u(h) = -h**3 + 49*h**2 - 119*h - 27. What is the ten thousands digit of u(39)?
1
Let q(k) = 939*k - 688. What is the ten thousands digit of q(30)?
2
Let o = -2789 + 9451. What is the hundreds digit of o?
6
Let p(z) = 36*z**3 - 3*z**2 + 3*z + 53. What is the units digit of p(6)?
9
Suppose -5*f = -3*h + 292, -h = -3*f - 40 - 132. Let v be -2 - 70/(-30)*-48. Let g = f - v. What is the units digit of g?
8
Suppose -20*c + 9*c = -33. Suppose 1843 = 5*z + c*m, 0 = -12*z + 16*z + 3*m - 1475. What is the units digit of z?
8
Let l(q) = 98*q**2 - 38*q - 309. What is the units digit of l(-9)?
1
Suppose 114*m - 248223 = -0*m + 566991. What is the hundreds digit of m?
1
Let t(h) = -h**2 - 7*h - 105. Let k be t(21). Let l = -424 - k. What is the tens digit of l?
6
Let v(h) = 8*h - 51. Let d = -68 - -100. What is the tens digit of v(d)?
0
Let c = 1526 + -1510. Let p(w) = 2*w**2 - 28*w - 5 - 1 - 5. What is the units digit of p(c)?
3
Let g be (-3 - -5)*-14 - 9. Let j(z) = z**3 + 6*z**2 + 8*z + 4. Let p be j(-6). Let y = g - p. What is the units digit of y?
7
What is the units digit of ((-81977)/4)/((-436)/1744)?
7
Suppose x = 5*q + 5, -x - 3*q + 5 = -2*q. Suppose -453 = x*t - 1953. What is the hundreds digit of t?
3
Let v(x) = 69*x**3 + x**2 - 125*x + 256. What is the units digit of v(9)?
3
Let z be 5/2*(-28)/35 + 29. Suppose z = 3*g - f - 82, 70 = 2*g + 2*f. What is the units digit of g?
6
Let c(w) = 421*w + 10. Suppose 10 = -4*p + 18. What is the units digit of c(p)?
2
Suppose -3*m = 4*c - 1505, -13*c - 3*m - 739 = -15*c. Suppose 8*o - c = 578. What is the units digit of o?
9
Suppose 1639 = 5*w + 179. Let k = w - 134. Suppose 4*o + 14 - k = 0. What is the tens digit of o?
3
Let a = 31 - 27. Suppose 9*q - 12*q + 926 = 2*f, 5*f + 1273 = a*q. What is the hundreds digit of q?
3
Suppose 0 = -4*d - 7*d - 66. Suppose -2*p - 9 + 5 = 0. What is the units digit of (-3 - (p + d))*37?
5
What is the ten thousands digit of ((-2)/18*-9)/6*154002?
2
Let k(g) = 2*g**2 - 5*g - 29. Let v be k(12). Let n = 452 - v. Let o = -138 + n. What is the tens digit of o?
1
Suppose 0 = 41*c + 60*c - 770832. What is the thousands digit of c?
7
Suppose -5*g + 23 = -2*f, -3*f - 17 = 2*f + g. Let r be 3 + (-16)/f + -2. Suppose -r*c + 374 = 29. What is the units digit of c?
9
Let z = -11 - -4. Let n = z + 16. Let l = 49 - n. What is the units digit of l?
0
Let f = 2716 - -4528. What is the hundreds digit of f?
2
Let c(w) = w**3 - 139*w**2 + 149*w + 390. What is the hundreds digit of c(139)?
1
Let h(z) = -313*z + 97. Let f be h(-6). Suppose -16*u - f = -14615. What is the hundreds digit of u?
7
Suppose j + 7*j - 416 = 0. Suppose 74*u - 10626 = j*u. What is the units digit of u?
3
Let z = -11430 - -25433. What is the ten thousands digit of z?
1
Suppose -2044 = 10*q - 15*q - 3*y, 0 = 4*y + 8. Let v = q - 194. What is the units digit of v?
6
Let k(h) = h**2 - 17*h + 38. Let z(v) = -2*v + 6. Let d be z(-3). Let l be d*(0 + (8/(-3) - -4)). What is the tens digit of k(l)?
2
Suppose 0 = 10*i - 6*i + 3*f - 14289, 4*i - 2*f - 14294 = 0. What is the units digit of i?
3
Let v = -30 + 30. Let p be 220 - (v - -1 - 5). Suppose 5*a - 4*n + n = p, 2*a - 3*n - 86 = 0. What is the units digit of a?
6
Suppose 0 = 328*a - 333*a - 4*x + 90732, 72579 = 4*a + x. What is the units digit of a?
4
Let n(r) = 2*r**2 + 18*r - 182. Let l be n(-27). Suppose 105 - l = -o. What is the units digit of o?
5
What is the hundreds digit of (11706400/105)/5 + (-142)/(-1491)?
2
Suppose 0 = -0*h - 3*h + 234. Let a = h + -10. Let s = a + -38. What is the units digit of s?
0
Let o = -280 + 270. What is the tens digit of (o/(-3))/((-2)/(-513))?
5
Suppose 5*m = 2*m - 261. Let y be (9/36*8 + -107)/((-2)/2). Let k = y + m. What is the units digit of k?
8
Suppose 365*u - 355*u - 14050 = 0. What is the tens digit of u?
0
Suppose -3*s = -3*p - 879, -p - 158 + 150 = 0. What is the hundreds digit of s?
2
Suppose -4*y - 5 = -5*m, 4*m - 6*m = 4*y - 30. Suppose -m*a + 21 = 3*c, a + 7*c - 11 = 3*c. What is the units digit of a?
3
Let y = 24 + -13. Suppose -y*z + 69 = -14*z. Let l = z - -205. What is the hundreds digit of l?
1
Let d be (5 + 0)*-1 + -542. Let w = -111 - d. What is the hundreds digit of w?
4
Suppose -3*r = 4*x - 2*r - 24220, -6042 = -x + 3*r. What is the units digit of x?
4
What is the tens digit of (5643162/(-882))/(9/(-42))?
5
Suppose 0 = -5*k + 3*k + 2*j - 16, -k + 12 = 4*j. Let y(x) = 1 - 2 + 7 - 18*x - 3*x. What is the units digit of y(k)?
0
Suppose 3*p - d = -344, -5*p + 5*d = d + 571. Let f = 9 - p. What is the tens digit of f?
2
Suppose 6*z - 56 = -8. Let c be -43 + (-4 + z)*1. Let n = 47 + c. What is the units digit of n?
8
Let z be -2109 + 1 - (1 - -1)*1. Let k be z/18*1 + 2/9. Let f = k + 168. What is the units digit of f?
1
Suppose d - 6 = 4*d, 5*d - 630 = -4*z. Let a = 110 - z. Let p = -45 - a. What is the units digit of p?
5
Let u(l) = 66*l**2 + 42*l + 757. What is the thousands digit of u(-13)?
1
Let k be (3 + -1)*(-30)/20 - 193. What is the hundreds digit of (k*(-6)/10)/((-3)/(-10))?
3
Suppose -5*k - 312650 = -5*s, 0 = -5*s + s - 2*k + 250114. What is the units digit of s?
9
Suppose -29*v = -24*v - 12*v + 318822. What is the tens digit of v?
4
Let z(a) = 286*a**2 - a + 1. Let h be (4/10)/(((-140)/(-75))/14). Suppose 2*y - n = -h, -3*n = -0*y + 5*y - 20. What is the tens digit of z(y)?
8
Let g = 8493 + 10328. What is the tens digit of g?
2
Suppose -6*h + h = -u + 22827, 2*h + 114273 = 5*u. What is the hundreds digit of u?
8
Suppose -3*v = 4*c + 161, 0 = 4*v - c - 2*c + 173. Let r(n) = 2*n**2 + 57*n + 97. What is the thousands digit of r(v)?
1
What is the thousands digit of 30143 - 172 - 10/1?
9
Let d be 1 + (4070/30)/(2/(-6)). What is the tens digit of (-3 - 1)/(1222/d - -3)?
0
Let l = -317 + 310. What is the units digit of (-25)/(-2)*(4610/50 + l)?
5
Suppose -r - 631 = -5*g, -2*r = -4*g + r + 496. Let c = -124 + g. Suppose 110 = 2*q - 2*t, c*q - 43 - 126 = 2*t. What is the tens digit of q?
5
Suppose 0 = -124*q + 88*q + 756684. What is the ten thousands digit of q?
2
Let z = 243 + -247. Let q(i) = -5*i**3 - 4*i**2 + 5*i. Let d(c) = -14*c**3 - 13*c**2 + 16*c. Let a(v) = -4*d(v) + 11*q(v). What is the hundreds digit of a(z)?
1
Let f(x) = 6*x + 1. Let q be f(1). Suppose -11*g = -q*g - 1648. Suppose -g = -3*k - 148. What is the units digit of k?
8
Let f = -86739 + 170359. What is the tens digit of f?
2
Let r(a) be the second derivative of a**5/5 - a**4/4 - a**2/2 + 2*a - 20. What is the units digit of r(3)?
0
Let b(f) = -216*f - 2662. What is the units digit of b(-67)?
0
Let v(p) = -4*p + 586. What is the hundreds digit of v(0)?
5
Let c(j) = 15 - 11 + 3*j**2 - 4*j**2 + 6*j + j. Let b be c(6). What is the units digit of (1694/55)/(4/b)?
7
Suppose 3*q - 3*q - 4*q = 0. Suppose -2*y - 8 = q, 2*t + 17*y - 19*y - 802 = 0. What is the units digit of t?
7
Let i(g) = g**3 + 3*g**2 - 4*g - 3. Let m be i(-2). Suppose -341 + 7496 = m*x. Suppose -z + x = 4*z. What is the tens digit of z?
5
Let m(y) be the first derivative of y**3/3 - 13*y**2/2 + 26*y - 182. What is the hundreds digit of m(25)?
3
Let n(l) = 11*l**2 - l - 1. Let u be n(-1). Suppose 4*k + 16 = 4*z, -15 + 11 = k - 4*z. What is the tens digit of 3280/u + k/22?
9
Suppose 0 = -4*b + 4*m + 150364, -5*b = 20*m - 22*m - 187934. What is the units digit of b?
4
What is the hundreds digit of (3456 - 50/(-5)) + (1 - 6)?
4
Suppose -11*m + 3644 = x - 3*m, -5*m = -x + 3644. What is the units digit of x?
4
Suppose -3*s - 8 - 7 = 0, -3*h + 1169 = -s. Let z = 668 - h. What is the units digit of z?
0
Let y(u) = -4*u**2 - 337*u + 127. What is the tens digit of y(-65)?
3
Let s = 22775 - 9739. What is the hundreds digit of s?
0
What is the tens digit of (1 - 52/39)/((-1)/6882)?
9
Let n = 664 + 9586. What is the ten thousands digit of n?
1
Let p = 19 + -17. Suppose 0 = -p*u + 17 - 15. What is the tens digit of (-11)/(33/(-174)) + u + 0?
5
Let k = 4685 + -1283. Suppose 3*d - 618 - k = 0. What is the tens digit of d?
4
Suppose -3*t + 10825 = 4*h - 99101, -h - 4*t + 27501 = 0. What is the hundreds digit of h?
4
Let x(p) = 58*p**3 - 26*p**2 + 88*p - 25. What is the thousands digit of x(7)?
9
Suppose -5*o - 4*f = 9900, o + 89*f - 87*f + 1986 = 0. Let y = -50 + 11. What is the units digit